= h**3 + 35*h**2 + 7*h - 74. What is the thousands digit of m(-31)?
3
What is the tens digit of 2895 + (-12)/48*4?
9
Suppose h + v = 2*v, 0 = 4*h + 4*v - 8. Let j(f) = 223*f**3 + 1. What is the units digit of j(h)?
4
Let o be 3*(-1)/6*2. Let a(c) = -5*c - 2. Let l(p) = -20*p - 9. Let d(k) = 9*a(k) - 2*l(k). What is the units digit of d(o)?
5
Let o(v) = v**3 - 5*v**2 + 3*v + 5. Let c be o(5). Let m be c/30 + 7/3. Suppose -2*g - 3*w = -5*g + 42, -m*w - 31 = -2*g. What is the tens digit of g?
1
Let n = -5 - -10. Let z(h) = 17 - 8 + 4 + 6*h + n. What is the tens digit of z(5)?
4
Let a(h) = -h**2 - 16*h + 11. Suppose 2*g - u = 2*u - 26, -g = -3*u + 10. What is the tens digit of a(g)?
1
Let v(g) = 4*g - 7. Let f(n) = -4*n + 6. Let z(c) = -4*f(c) - 5*v(c). Let d be z(-7). Suppose -d + 123 = 4*i. What is the units digit of i?
1
Let x(t) = -282*t + 896. What is the tens digit of x(-9)?
3
Let c(j) = -65*j - 5. Let s(y) = 131*y + 9. Let b(x) = -11*c(x) - 6*s(x). Let m be b(-1). Suppose 48 = 5*p - m. What is the tens digit of p?
2
Let y be (-7)/((-35)/84 + 4/6). What is the tens digit of 21/y - 2310/(-8)?
8
Let g(x) = x**2 + 10*x - 6. Let o be g(-11). Suppose 5*d + v = -15, d + 0*d - 4*v + 24 = 0. What is the units digit of 7*(0 + o + d)?
7
Let u = 35 + -33. What is the units digit of u/(-5) + (-5706)/(-90)?
3
Let x = 26 + -40. Let k = x + 20. Suppose s - 18 = k. What is the units digit of s?
4
What is the tens digit of -7 + (-12)/(-5 + 3) + 77?
7
Let x = 2927 - 1731. What is the tens digit of x?
9
Let q(i) = 16*i + 208. What is the tens digit of q(-10)?
4
What is the hundreds digit of (-1)/(-4*(-1)/(-2716))?
6
Suppose 0 = 5*h - 4*u - 2090, 4*h = -4*u + 1301 + 407. What is the hundreds digit of h?
4
Let b(v) = 151*v - 135. What is the hundreds digit of b(6)?
7
Suppose 0 - 8 = -2*u. Suppose -u*f + 17 = 2*x - 3, -f + 6 = x. Suppose p - 26 = -x. What is the tens digit of p?
2
Suppose -5*g = -10*d + 7*d + 1324, 3*d - 1328 = 4*g. What is the tens digit of d?
4
Let p(b) = -1105*b + 449. What is the units digit of p(-4)?
9
Let c(g) = 3*g - 10. Let x be c(19). Suppose 2*m = -a - 27, -2*m + 6*a - 2 = 2*a. Let w = x - m. What is the tens digit of w?
5
Suppose 18*p - 328 = 14*p. Let y = 122 - p. What is the units digit of y?
0
Let d(w) be the second derivative of -w**5/20 + w**4/3 + w**3 - w**2/2 + 29*w. What is the units digit of d(4)?
3
Let o = -4185 - -9415. What is the hundreds digit of o?
2
Suppose 4*y - 159 = -27. Suppose 6 = 33*d - 35*d. What is the units digit of -3 + 2 - (d - y)?
5
Let i(t) = t**2 - 9. Suppose -4*b = -l - 33, l + 4*l = b - 32. What is the tens digit of i(b)?
4
Let s be -4 - (0 + 2 + -1). Let g(x) = -x - 11. Let k be g(s). What is the tens digit of (k/(-5))/(4/70)?
2
What is the thousands digit of (-1 + 0)/(((-38)/(-4140))/(-19))?
2
Suppose 7*b - 5 - 23 = 0. Suppose w + 131 + 18 = b*o, o + w = 36. What is the units digit of o?
7
Let a = -228 + 1424. What is the tens digit of a?
9
Let k(i) = 26*i - 13. Let j be k(4). Suppose 9*u = 10*u - j. What is the tens digit of u?
9
Suppose 2*n + 11402 = 5*u + 6*n, -2*n = 5*u - 11406. What is the tens digit of u?
8
Suppose 15*o + 8*o - 667 = 0. What is the tens digit of o?
2
Suppose 5*c - 5*d = 4165, -5*d - 2493 = -12*c + 9*c. What is the tens digit of c?
3
Let r(t) = -2*t**3 + 22*t**2 - 14*t - 4. What is the tens digit of r(-6)?
0
Suppose 3*m + 338 = -4*z + 4771, 0 = 4*m - 2*z - 5940. What is the thousands digit of m?
1
Let j(p) = -p + 19. Let x be j(14). Suppose n - 2*a = 132, x*n - a = 2*a + 660. Suppose 9*f - 11*f = -n. What is the tens digit of f?
6
Let n(d) = -d**2 - 7*d - 3. Let c be n(-6). Let p be 1/(c + 74/(-25)). Suppose -3*v = 2*v - p. What is the units digit of v?
5
Suppose k - 2*s - 48 = 0, 2*k = 7*k + 3*s - 279. What is the units digit of k?
4
Let u = -137 + 1074. What is the tens digit of u?
3
Suppose -d = 4*d + 50. Let z be 1/4 + (-3885)/(-60). What is the tens digit of (z/d)/((-1)/2)?
1
Let m(k) = 23*k**3 + 2*k**2 + 4. Let v(c) = -8*c**3 - c**2 - 1. Let q(j) = 2*m(j) + 7*v(j). What is the tens digit of q(-2)?
6
Let v(h) = -h**2 - 11*h - 16. Let m(z) = z**2 + 11*z + 17. Let s(w) = -5*m(w) - 6*v(w). Let t be (4/(-3))/(12/90). What is the units digit of s(t)?
1
Let w(l) = -2*l**3 - 6*l**2 + 7*l + 2. Let g be w(-5). Let q = g - 34. What is the units digit of q?
3
Let g(z) be the third derivative of z**6/120 - z**5/60 - z**4/12 - 2*z**3/3 - z**2. Let d be g(3). What is the units digit of (-2)/d - 129/(-4)?
2
Suppose -u - 360 = -6*u. Let h = u + 4. What is the units digit of h?
6
Let i = 71 - 83. What is the units digit of 24/4*(-6)/i?
3
Suppose -274 = -5*d - 3*u, -5 = 4*u + 3. Suppose r = 5*n - 291, -5*n + 4*r + d + 223 = 0. What is the tens digit of n?
5
Suppose -307*q + 5016 = -299*q. What is the hundreds digit of q?
6
Suppose -3*k = 5*t - 29, -t + 24 - 101 = -4*k. Suppose l + k = o, 0 = -4*l + 3*l - 1. Suppose 0 = 3*y - o - 64. What is the units digit of y?
7
Let q(z) = -z**2 + 12*z + 4. Let y be q(10). Suppose 3*i = -7 + 19, -y = -3*u - 3*i. What is the tens digit of 334/8 - (-1)/u?
4
Let h be (-4*1)/(-6 - -5). Suppose -a + 5*g = -8 - 5, h*g + 11 = a. What is the units digit of -1 - ((2 - 7) + a)?
1
Let c(i) = 6*i**2 + 2*i + 2. Let r be c(-2). Suppose 8*h = 7*h - r. Let k = 35 + h. What is the units digit of k?
3
Let u = 127 - 920. Let d = 1213 + u. Suppose 3*x - d = -4*x. What is the units digit of x?
0
Let u(m) = -m + 19. Let d be u(13). Let q be -2*-1*3/d. Suppose j - 27 = -g, g - q = 5*j + 8. What is the units digit of g?
4
Suppose -4736 = 6*s - 14*s. What is the hundreds digit of s?
5
Let q(t) = 2*t**3 - 4*t**2 + 3*t + 4. Let s = 1 - -3. What is the tens digit of q(s)?
8
Let o(c) = 248*c + c**2 - 258*c + 13 + 0*c**2. What is the hundreds digit of o(-10)?
2
Let k = 39 - 38. Suppose -3*l = -k - 11. Suppose -2*g - 2*g + 2*o = -294, l*g - 3*o = 289. What is the units digit of g?
6
Let f = -149 + 335. What is the units digit of (f/(-24))/((-1)/4)?
1
Suppose 5*k - 111 = -31. Suppose -2*r + 64 = -k. Suppose 0 = 4*x - 2*x - r. What is the tens digit of x?
2
Let h = 112 - 100. What is the tens digit of h?
1
Let a = 98 - 93. Suppose a*d - 765 = -7*f + 2*f, 2*d + 150 = f. What is the tens digit of f?
5
Let i be (-8)/(-24)*(5 + 1). Suppose 7*l - 355 = i*l. What is the tens digit of l?
7
Let m(s) = 5*s - 5*s - 1 + 0*s - 3*s. What is the units digit of m(-6)?
7
Suppose 31*n - 38*n = -35. Let x(b) = 2*b**3 - 4*b**2 - 3*b - 5. What is the units digit of x(n)?
0
Let f(c) = 4*c**2 + 0*c**3 + 83*c**3 - 4*c - 6*c**2 + 4 + c. What is the tens digit of f(1)?
8
Suppose j = 6 - 4. Suppose 6 = j*u + 4. What is the units digit of u?
1
Let r be (69 + 0)*2/(-3). Let u = r + 4. What is the units digit of (-2 - -1)*(u + 4)?
8
Suppose 0 = 3*z - 8 - 4, 0 = -5*y - 4*z + 36. Suppose y*q = -k + 469, -3*q = -q - 4*k - 230. What is the hundreds digit of q?
1
Suppose -l = 2*p, -2*l = 5*p - 0*p. Suppose -x + 186 + 134 = p. What is the hundreds digit of x?
3
Suppose 2*r + 5*s - 989 = 0, 5*r - 4*r = -s + 499. What is the hundreds digit of r?
5
Let u = 99 + -84. Suppose 4*q = -4*c + 412, -q + u = -4*q. What is the hundreds digit of c?
1
Let c = -9 + 13. Suppose -c*s - 2 = -82. What is the units digit of -2 + s + (4 - 1)?
1
Let k be 6/(-7) + 2/(-14). Suppose 1 = -2*h - 25. What is the units digit of h*((-3)/k)/(-3)?
3
Let l be (-1)/(2/8*-1). Suppose -l*o = -1 - 11. Suppose 66 = o*p - 15. What is the units digit of p?
7
Let g(f) = 165*f + 22. What is the thousands digit of g(9)?
1
Suppose 22*o - 20*o = 0. Suppose -a + 476 = 3*h + 4*a, o = 5*a - 5. What is the tens digit of h?
5
Let n(f) = 25 + 2*f + 10 + 2*f**3 - 11*f**2 - 3*f**3 + 4*f**2. What is the units digit of n(-7)?
1
Let n(b) be the second derivative of -1/20*b**5 + 7/6*b**3 + 0 + 5/12*b**4 - 4*b - 2*b**2. What is the units digit of n(6)?
2
Let u(y) be the first derivative of -y**4/4 + 7*y**3/3 + 11*y**2/2 - 20*y - 6. Let c be u(8). Suppose k - 205 = -c*k. What is the units digit of k?
1
Let f be 12/(-16) - (-86)/8. Suppose 51 = o + f. What is the tens digit of o?
4
Suppose 3*w + w = 0. Let y be -8*((-2)/4 - w). Suppose -y*l + 0*l = -44. What is the tens digit of l?
1
Suppose 5*v - 2045 = -g, v - 4*g - 388 = -0*v. Suppose 0 = 3*l - 2*q - 324, -24 = -4*l + q + v. 